7) is divided by m.
2
Let n = -2 - -3. What is the remainder when 6 is divided by n?
0
Let o = 154 - 97. What is the remainder when o is divided by (-4)/6 + 62/3?
17
Let o(t) = -t + 4. Let j be o(3). Suppose 72 = y + 7*y. Calculate the remainder when y is divided by 2 + -1 + j*4.
4
Let k(c) = -2 - 3*c - 1 - 4*c**3 + 2*c**3 - 5*c**2 + 0. Calculate the remainder when k(-4) is divided by 20.
17
Let d be (-8)/36 - (-436)/18. Calculate the remainder when 54 is divided by (152/d)/(2/6).
16
Let r = 36 + -26. Let j = -8 - -12. Calculate the remainder when r is divided by j.
2
Let g be -2 - -2 - 10 - -1. Let o = 27 + g. What is the remainder when 34 is divided by o?
16
Let q = 438 + -430. Suppose d + 0*a - 11 = -2*a, -2*d - 2*a = -32. What is the remainder when d is divided by q?
5
Let v = -63 - -77. What is the remainder when 249 is divided by v?
11
Let x = 90 - 50. Suppose -s - 11 = -x. Calculate the remainder when s is divided by 10.
9
Let m = 124 - 68. Let k = 130 - m. What is the remainder when 26 is divided by k/8 - (-3)/(-12)?
8
Suppose 5*a - 2*r = -r + 79, 2 = 2*r. Calculate the remainder when 28 is divided by a.
12
Suppose -f = 2*f + 6. Let w = 2 + f. Let o(g) = g**2 + g + 3. What is the remainder when 7 is divided by o(w)?
1
Suppose -4*z = -4*v - 8, -3 = -5*z + 2*z. Let i = v + 1. Suppose 0 = 2*p - i*p + 8, 5*t + 5*p - 120 = 0. What is the remainder when t is divided by 10?
8
Let h = -1 - -34. Calculate the remainder when h is divided by 18.
15
Suppose 3*s - 6 = -0*s. Suppose -z - 18 = -s*z. Calculate the remainder when 34 is divided by z.
16
Let w(a) = -a**3 + 5*a**2 + a - 2. Let z be 5/10 + (-18)/(-4). Let o be w(z). What is the remainder when 73/o + 4/6 is divided by 13?
12
Suppose 0 = v - 4*g - 46, g = 4*v - 0*g - 259. Suppose -40 = -q + 5*f, -3*q + 2*f + 57 = 2. What is the remainder when (-16)/(-6)*v/4 is divided by q?
14
Suppose k - 5 = 2*v, -5*k + 3 = -2*v - 22. Suppose 0 = -k*s - 32 + 92. Calculate the remainder when 21 is divided by s.
9
Suppose 5*o = 7*o. Suppose o = 2*f + 3*f - 70. What is the remainder when f is divided by 4?
2
Suppose 28 = 2*c - 3*w - w, -4*c = 2*w - 86. Suppose o - c = -3*o. Suppose o*l = -3*g + 62, 0*l - 4*l + 49 = 3*g. What is the remainder when 23 is divided by l?
10
Let p = 30 - 13. Suppose 0 = 2*d + 6, -5*d = 5*l - 3*d - 74. What is the remainder when l/10*-4*-5 is divided by p?
15
What is the remainder when 62 is divided by 7 + 24 - -1*1?
30
Let d = 103 - 72. Calculate the remainder when 154 is divided by d.
30
Suppose -21*q + 22*q = 21. What is the remainder when 61 is divided by q?
19
Let j = 4 + -22. Let n = 26 + j. Suppose 0 = 2*u + 9*u - 253. What is the remainder when u is divided by n?
7
Let t(i) = -3*i - 1. Let k be t(0). Calculate the remainder when 115 is divided by ((-348)/(-4))/(-3)*k.
28
Let o = 3 - -3. Suppose 0 = -5*p - 2*x + 4, 0 = 3*p + x - 5*x - 18. Suppose -5*w = m - 54, 60 = p*w + 3*w - 5*m. Calculate the remainder when w is divided by o.
5
Let l(m) = -m**2 - 8*m + 3. Let s be l(-6). Let i(f) = -3*f. Let h be i(3). Let n = h + s. What is the remainder when 11 is divided by n?
5
Let n = -6 - -4. Calculate the remainder when 27 is divided by (-4)/((-8)/(-15))*n.
12
Let v(t) be the second derivative of t**3/6 + 3*t**2/2 + 3*t. What is the remainder when 7 is divided by v(0)?
1
Let f = -17 - -79. Suppose 4*k = 63 + 21. Calculate the remainder when f is divided by k.
20
Let u(b) = -4 - 4*b**2 + 2*b**3 + 1 - 3*b**3. Let w = 17 + -9. What is the remainder when u(-5) is divided by w?
6
Suppose 2 = 3*m - 7. Let h(d) = d**2 - d - 8. Calculate the remainder when h(-3) is divided by m.
1
Calculate the remainder when 7 is divided by 3/(-6) + (-10)/(-4).
1
Let f(m) = 4*m**2 + m + 3. Let b be f(-4). Suppose 0 = -0*s - 3*s + b. What is the remainder when 62 is divided by s?
20
Suppose -68 = -4*g + 4*b, -5*g = -0*g + 5*b - 75. Let i be (3 + -1 + 1)*g. Suppose 90 = 3*a - i. What is the remainder when a is divided by 16?
14
Suppose -3*u - 8 = -5*m, u + 2*u - 24 = -3*m. Suppose 4*v - 5*r + 2 = 0, v - 4 - 2 = -2*r. What is the remainder when u is divided by v?
0
Let i = 19 - 7. Let f be 36/15 + (-6)/15. Suppose -f*y = 2*d - 84, 4*y - 348 + 135 = -5*d. Calculate the remainder when d is divided by i.
9
Let o = -12 - -21. Suppose 2*w + o = 5*w. What is the remainder when (-64)/(-10) - (-15)/25 is divided by w?
1
Suppose 5*u - 20 - 20 = 0. Let w(b) = b + 38. What is the remainder when w(-23) is divided by u?
7
What is the remainder when 5 is divided by (-5 - (2 - 1))/((-27)/18)?
1
Suppose 0 = -4*m + 3*t + 381, 5*m + t = 389 + 111. Let l = -18 - -43. Calculate the remainder when m is divided by l.
24
Let c be (-4 - -1)/(-9)*-3. What is the remainder when (7/(-2))/(c/2) is divided by 4?
3
Let v(n) = -6*n + 6. Let w be v(3). Calculate the remainder when w/(-16) - (-243)/12 is divided by 12.
9
Suppose 4*v - v = 12. Let x = 76 + -39. Suppose 0 = -3*c + 5*y + x, 4*c + 2*y = -0*c + 58. Calculate the remainder when c is divided by v.
2
Suppose 45 + 93 = 2*n. Suppose -3*v - m = -57, 0*v - 5*m + n = 3*v. Suppose 0*u = -4*u + 136. Calculate the remainder when u is divided by v.
16
Suppose 34 = -6*x + 124. Calculate the remainder when x is divided by 7 - (12/3)/(-2).
6
Let c be (-1)/4 - (-1332)/16. Suppose 28 = -5*g + c. Calculate the remainder when 31 is divided by g.
9
What is the remainder when 3/3 + -3 + 28 is divided by ((-56)/12)/((-2)/6)?
12
Suppose -l + 99 = 2*l. Calculate the remainder when l is divided by 12.
9
Let d(j) = j**2 + 6*j + 4. Let o be d(-6). Let i = o + 1. What is the remainder when 13 is divided by i?
3
Suppose -6*w + 280 = -w. Calculate the remainder when w is divided by 20.
16
Suppose -4*n = -5*p - 114, 3*p - 153 = -5*n + 4*p. Calculate the remainder when n is divided by 18.
13
Let v(d) = 104*d**3 - d**2 + 2*d - 1. Let t be v(1). Suppose -3*k - 2 = -t. What is the remainder when k is divided by 12?
10
Let i be (-22)/6 + 4/6. What is the remainder when 31/(0 - 3/i) is divided by -1*(-9 - 2) + 0?
9
Calculate the remainder when 77 is divided by ((-100)/(-40) - 3/2)*13.
12
Let p(y) = y**3 + 6*y**2 - 7*y + 11. What is the remainder when p(-7) is divided by 7?
4
What is the remainder when (-360)/(-26) - 8/(-52) is divided by 4?
2
Suppose -3*u + 4*u - 3*s = 37, 5*s = -5*u + 265. What is the remainder when u is divided by 37?
12
Let o(x) = -x**3 - 3*x**2 - x - 1. Let c = -3 + 18. Suppose 2*q - 4*m + 4 = 0, 1 + c = 5*q + 3*m. What is the remainder when o(-3) is divided by q?
0
Let t = 35 + -14. What is the remainder when t is divided by 12?
9
Let b = 37 - 53. Let n = 38 + b. What is the remainder when 85 is divided by n?
19
Let n = 151 + -146. What is the remainder when 18 is divided by n?
3
Suppose 2*n + 12 = 4*n. Let i = n + 0. Calculate the remainder when 15 is divided by i.
3
Let v(w) = 20*w**2 + 1. What is the remainder when -183*(14/(-6))/7 is divided by v(-1)?
19
Let w(x) = -x + 5. Let k be w(5). Suppose k = g - 2*g + 11. Suppose -u + 17 + g = 0. Calculate the remainder when u is divided by 15.
13
Let m = 21 - 7. What is the remainder when 54 is divided by m?
12
Suppose 0 = -3*x + 5*x - 4. Let m be (x/(-3))/((-2)/6). Suppose 0 = -3*h + 2*h + m. Calculate the remainder when 2 is divided by h.
0
Let i(g) = g**3 + 12*g**2 + 12*g + 2. Let l be i(-11). Let j = 5 + -1. Calculate the remainder when (-93)/l - (-2)/(-6) is divided by j.
2
Let g = 45 - 25. Let b(s) = -5*s. Let f be b(-7). Suppose 3 = -2*t - w + 23, -3*t + w + f = 0. What is the remainder when g is divided by t?
9
Let b = 154 + -133. Let i(x) = -32*x - 3. Let h = 0 + -2. What is the remainder when i(h) is divided by b?
19
Let q(f) = -f**3 - 8*f**2 - 7*f + 4. What is the remainder when q(-7) is divided by 4?
0
Let j = -3 - -3. Suppose j*p = 2*p - 26. Calculate the remainder when p is divided by 8.
5
Let t(i) = -2*i - i**2 - i - 5 - 4*i. Suppose -3*o - o - 24 = 0. What is the remainder when 2 is divided by t(o)?
0
Let b = 4 + 4. Let i be 4*2/(b/6). Suppose -5*p = -2*p - i. Calculate the remainder when 5 is divided by p.
1
Let k(n) = 4*n**2 + 5*n - 9. Let f(s) = 3*s**2 + 6*s - 9. Let g(d) = 5*f(d) - 4*k(d). What is the remainder when 12 is divided by g(8)?
5
Let p = 10 - 16. Calculate the remainder when p/8 + (-62)/(-8) is divided by 2.
1
Su